{"id":471,"date":"2023-05-31T09:31:10","date_gmt":"2023-05-31T12:31:10","guid":{"rendered":"http:\/\/localhost:3000\/?page_id=471"},"modified":"2024-05-19T21:55:30","modified_gmt":"2024-05-20T00:55:30","slug":"historico","status":"publish","type":"page","link":"https:\/\/etcdf.com.br\/?page_id=471","title":{"rendered":"Hist\u00f3rico"},"content":{"rendered":"\t\t<div data-elementor-type=\"wp-page\" data-elementor-id=\"471\" class=\"elementor elementor-471\">\n\t\t\t\t<div class=\"elementor-element elementor-element-956cd5d e-flex e-con-boxed e-con e-parent\" data-id=\"956cd5d\" data-element_type=\"container\" data-settings=\"{&quot;background_background&quot;:&quot;classic&quot;}\">\n\t\t\t\t\t<div class=\"e-con-inner\">\n\t\t\t\t<div class=\"elementor-element elementor-element-b35bd23 elementor-widget elementor-widget-heading\" data-id=\"b35bd23\" data-element_type=\"widget\" data-widget_type=\"heading.default\">\n\t\t\t\t<div class=\"elementor-widget-container\">\n\t\t\t\t\t<h2 class=\"elementor-heading-title elementor-size-default\">Hist\u00f3rico<\/h2>\t\t\t\t<\/div>\n\t\t\t\t<\/div>\n\t\t\t\t\t<\/div>\n\t\t\t\t<\/div>\n\t\t<div class=\"elementor-element elementor-element-23e5e9c e-flex e-con-boxed e-con e-parent\" data-id=\"23e5e9c\" data-element_type=\"container\">\n\t\t\t\t\t<div class=\"e-con-inner\">\n\t\t<div class=\"elementor-element elementor-element-6bd5887 e-con-full e-flex e-con e-child\" data-id=\"6bd5887\" data-element_type=\"container\">\n\t\t\t\t<div class=\"elementor-element elementor-element-f260498 elementor-widget elementor-widget-text-editor\" data-id=\"f260498\" data-element_type=\"widget\" data-widget_type=\"text-editor.default\">\n\t\t\t\t<div class=\"elementor-widget-container\">\n\t\t\t\t\t\t\t\t\t<h2 style=\"text-align: center\"><strong><span style=\"color: #2a5889\">Escola T\u00e9cnica de Ceil\u00e2ndia<\/span><\/strong><\/h2><p>A Institui\u00e7\u00e3o foi inaugurada em 21 de maio de 1982 com o nome de<strong> CET (Centro de Educa\u00e7\u00e3o para o Trabalho)<\/strong>.<\/p><p>Em 17 de dezembro de 2000, com a inaugura\u00e7\u00e3o de um novo pr\u00e9dio, teve a amplia\u00e7\u00e3o de sua \u00e1rea constru\u00edda de 4.100m\u00b2 para 8.166m\u00b2.<\/p><p>Em 18 de julho de 2002, passou a ser um <strong>Centro de Educa\u00e7\u00e3o Profissional (CEP)<\/strong> e come\u00e7ou tamb\u00e9m a oferecer Cursos T\u00e9cnicos.<\/p><p>1. <strong>Decreto n\u00ba 28.276<\/strong>, de 14 de setembro de 2007: disp\u00f5e sobre a transfer\u00eancia de entidades escolares para a Secretaria de Estado de Ci\u00eancia e Tecnologia;<br \/>2. <strong>Decreto n\u00ba 30.695<\/strong>, de 13 de agosto de 2009: altera a denomina\u00e7\u00e3o das entidades escolares da Secretaria de Estado e Tecnologia do Distrito Federal;<br \/>3. <strong>Decreto n\u00ba 31.788<\/strong>, de 10 de junho de 2010: disp\u00f5e sobre a transfer\u00eancia de Institui\u00e7\u00f5es educacionais profissionalizantes para a Secretaria de Estado de Educa\u00e7\u00e3o do Distrito Federal; crie e extingue cargos em comiss\u00e3o e fun\u00e7\u00f5es gratificadas sem aumento de despesas e d\u00e1 outras provid\u00eancias;<br \/>4. <strong>Decreto n\u00ba 32.342<\/strong>, de 19 de outubro de 2010: altera a estrutura administrativa da Secretaria de Estado de Educa\u00e7\u00e3o do Distrito Federal e d\u00e1 outras provid\u00eancias.<\/p><h5 class=\"font_8 wixui-rich-text__text\"><span style=\"color: #2a5889\"><strong><span class=\"wixui-rich-text__text\">Miss\u00e3o da Escola T\u00e9cnica de Ceil\u00e2ndia<\/span><\/strong><\/span><\/h5><p class=\"font_8 wixui-rich-text__text\"><span class=\"wixui-rich-text__text\">Contribuir para o desenvolvimento da popula\u00e7\u00e3o do Distrito Federal e Entorno, proporcionando Forma\u00e7\u00e3o Profissional na dimens\u00e3o da Humaniza\u00e7\u00e3o do Processo Produtivo, visando a inser\u00e7\u00e3o cidad\u00e3 no mercado de trabalho, ofertando cursos de Educa\u00e7\u00e3o Profissional nos N\u00edveis B\u00e1sico e T\u00e9cnico, globalizando aspectos pertinentes ao mundo do trabalho, que flexibilizam os caminhos da inser\u00e7\u00e3o social atrav\u00e9s da produ\u00e7\u00e3o de bens e servi\u00e7os.<\/span><\/p><h5 class=\"font_8 wixui-rich-text__text\"><span style=\"color: #2a5889\"><strong><span class=\"wixui-rich-text__text\">Atividades Voltadas ao atendimento \u00e0 Comunidade<\/span><\/strong><\/span><\/h5><p class=\"font_8 wixui-rich-text__text\"><span class=\"wixui-rich-text__text\">Funcionamento da Biblioteca Cora Coralina, cujo acervo possui mais de 15 mil livros atendendo \u00e0 comunidade nos tr\u00eas turnos;<\/span><\/p><p class=\"font_8 wixui-rich-text__text\"><span class=\"wixui-rich-text__text\">Venda de produtos e presta\u00e7\u00e3o de servi\u00e7os \u00e0 comunidade de Ceil\u00e2ndia e entorno principalmente nos cursos das \u00e1reas de: Vestu\u00e1rio, Beleza, Ve\u00edculos e M\u00f3veis;<\/span><\/p><p class=\"font_8 wixui-rich-text__text\"><span class=\"wixui-rich-text__text\">Utiliza\u00e7\u00e3o do espa\u00e7o f\u00edsico interno da escola para realiza\u00e7\u00e3o de eventos-socio-culturais como formaturas; palestras; semin\u00e1rios;\u00a0 etc.<\/span><\/p>\t\t\t\t\t\t\t\t<\/div>\n\t\t\t\t<\/div>\n\t\t\t\t<\/div>\n\t\t<div class=\"elementor-element elementor-element-b3ee1f6 e-con-full e-flex e-con e-child\" data-id=\"b3ee1f6\" data-element_type=\"container\">\n\t\t\t\t<div class=\"elementor-element elementor-element-96eb154 elementor-widget elementor-widget-image\" data-id=\"96eb154\" data-element_type=\"widget\" data-widget_type=\"image.default\">\n\t\t\t\t<div class=\"elementor-widget-container\">\n\t\t\t\t\t\t\t\t\t\t\t\t\t\t\t<img fetchpriority=\"high\" decoding=\"async\" width=\"800\" height=\"533\" src=\"https:\/\/etcdf.com.br\/wp-content\/uploads\/2024\/05\/etcEntrada-1024x682.jpeg\" class=\"attachment-large size-large wp-image-710\" alt=\"\" srcset=\"https:\/\/etcdf.com.br\/wp-content\/uploads\/2024\/05\/etcEntrada-1024x682.jpeg 1024w, https:\/\/etcdf.com.br\/wp-content\/uploads\/2024\/05\/etcEntrada-300x200.jpeg 300w, https:\/\/etcdf.com.br\/wp-content\/uploads\/2024\/05\/etcEntrada-768x512.jpeg 768w, https:\/\/etcdf.com.br\/wp-content\/uploads\/2024\/05\/etcEntrada-1536x1023.jpeg 1536w, https:\/\/etcdf.com.br\/wp-content\/uploads\/2024\/05\/etcEntrada.jpeg 1600w\" sizes=\"(max-width: 800px) 100vw, 800px\" \/>\t\t\t\t\t\t\t\t\t\t\t\t\t\t\t<\/div>\n\t\t\t\t<\/div>\n\t\t\t\t<\/div>\n\t\t\t\t\t<\/div>\n\t\t\t\t<\/div>\n\t\t\t\t<\/div>\n\t\t","protected":false},"excerpt":{"rendered":"<p>Hist\u00f3rico Escola T\u00e9cnica de Ceil\u00e2ndia A Institui\u00e7\u00e3o foi inaugurada em 21 de maio de 1982 com o nome de CET (Centro de Educa\u00e7\u00e3o para o Trabalho). Em 17 de dezembro de 2000, com a inaugura\u00e7\u00e3o de um novo pr\u00e9dio, teve a amplia\u00e7\u00e3o de sua \u00e1rea constru\u00edda de 4.100m\u00b2 para 8.166m\u00b2. Em 18 de julho de [&hellip;]<\/p>\n","protected":false},"author":1,"featured_media":0,"parent":0,"menu_order":0,"comment_status":"closed","ping_status":"closed","template":"elementor_header_footer","meta":{"footnotes":""},"class_list":["post-471","page","type-page","status-publish","hentry"],"aioseo_notices":[],"_links":{"self":[{"href":"https:\/\/etcdf.com.br\/index.php?rest_route=\/wp\/v2\/pages\/471","targetHints":{"allow":["GET"]}}],"collection":[{"href":"https:\/\/etcdf.com.br\/index.php?rest_route=\/wp\/v2\/pages"}],"about":[{"href":"https:\/\/etcdf.com.br\/index.php?rest_route=\/wp\/v2\/types\/page"}],"author":[{"embeddable":true,"href":"https:\/\/etcdf.com.br\/index.php?rest_route=\/wp\/v2\/users\/1"}],"replies":[{"embeddable":true,"href":"https:\/\/etcdf.com.br\/index.php?rest_route=%2Fwp%2Fv2%2Fcomments&post=471"}],"version-history":[{"count":46,"href":"https:\/\/etcdf.com.br\/index.php?rest_route=\/wp\/v2\/pages\/471\/revisions"}],"predecessor-version":[{"id":751,"href":"https:\/\/etcdf.com.br\/index.php?rest_route=\/wp\/v2\/pages\/471\/revisions\/751"}],"wp:attachment":[{"href":"https:\/\/etcdf.com.br\/index.php?rest_route=%2Fwp%2Fv2%2Fmedia&parent=471"}],"curies":[{"name":"wp","href":"https:\/\/api.w.org\/{rel}","templated":true}]}}